 remainder when 718 is divided by 220.
58
What is the remainder when 1030 is divided by 902?
128
Calculate the remainder when 359 is divided by 182.
177
Calculate the remainder when 239 is divided by 60.
59
Calculate the remainder when 1659 is divided by 213.
168
What is the remainder when 333 is divided by 19?
10
What is the remainder when 128 is divided by 33?
29
Calculate the remainder when 115 is divided by 9.
7
What is the remainder when 2047 is divided by 2035?
12
What is the remainder when 603 is divided by 154?
141
What is the remainder when 220 is divided by 16?
12
Calculate the remainder when 1518 is divided by 47.
14
Calculate the remainder when 834 is divided by 93.
90
What is the remainder when 84 is divided by 44?
40
Calculate the remainder when 749 is divided by 341.
67
Calculate the remainder when 373 is divided by 115.
28
What is the remainder when 1351 is divided by 41?
39
Calculate the remainder when 3145 is divided by 94.
43
Calculate the remainder when 238 is divided by 20.
18
What is the remainder when 4942 is divided by 1?
0
What is the remainder when 64749 is divided by 19?
16
What is the remainder when 272 is divided by 52?
12
What is the remainder when 17133 is divided by 34?
31
Calculate the remainder when 36 is divided by 21.
15
Calculate the remainder when 93 is divided by 53.
40
Calculate the remainder when 1794 is divided by 30.
24
Calculate the remainder when 14069 is divided by 10.
9
What is the remainder when 125 is divided by 48?
29
What is the remainder when 1052 is divided by 39?
38
Calculate the remainder when 1486 is divided by 410.
256
Calculate the remainder when 51 is divided by 32.
19
What is the remainder when 310 is divided by 98?
16
Calculate the remainder when 58 is divided by 15.
13
Calculate the remainder when 1817 is divided by 182.
179
Calculate the remainder when 19344 is divided by 73.
72
What is the remainder when 107 is divided by 4?
3
What is the remainder when 301 is divided by 61?
57
What is the remainder when 1440 is divided by 353?
28
Calculate the remainder when 11955 is divided by 14.
13
What is the remainder when 303 is divided by 31?
24
What is the remainder when 99 is divided by 17?
14
Calculate the remainder when 7680 is divided by 122.
116
What is the remainder when 1417 is divided by 21?
10
What is the remainder when 176 is divided by 39?
20
What is the remainder when 1323 is divided by 17?
14
Calculate the remainder when 33 is divided by 9.
6
What is the remainder when 337 is divided by 11?
7
What is the remainder when 116 is divided by 11?
6
Calculate the remainder when 88 is divided by 13.
10
What is the remainder when 350 is divided by 27?
26
What is the remainder when 527 is divided by 192?
143
Calculate the remainder when 404 is divided by 94.
28
Calculate the remainder when 1179 is divided by 295.
294
What is the remainder when 35205 is divided by 27?
24
What is the remainder when 171 is divided by 54?
9
Calculate the remainder when 1700 is divided by 71.
67
What is the remainder when 36903 is divided by 305?
303
Calculate the remainder when 2613 is divided by 154.
149
What is the remainder when 55 is divided by 8?
7
Calculate the remainder when 3575 is divided by 24.
23
Calculate the remainder when 1050 is divided by 13.
10
What is the remainder when 421 is divided by 25?
21
Calculate the remainder when 298 is divided by 120.
58
Calculate the remainder when 293 is divided by 5.
3
What is the remainder when 25 is divided by 7?
4
What is the remainder when 500 is divided by 130?
110
Calculate the remainder when 73 is divided by 15.
13
What is the remainder when 14 is divided by 1?
0
What is the remainder when 157 is divided by 83?
74
What is the remainder when 608 is divided by 39?
23
Calculate the remainder when 518 is divided by 97.
33
Calculate the remainder when 141 is divided by 12.
9
Calculate the remainder when 537 is divided by 201.
135
What is the remainder when 286 is divided by 17?
14
Calculate the remainder when 359 is divided by 45.
44
Calculate the remainder when 259 is divided by 26.
25
What is the remainder when 920 is divided by 116?
108
Calculate the remainder when 509 is divided by 249.
11
What is the remainder when 521 is divided by 18?
17
Calculate the remainder when 1193 is divided by 173.
155
What is the remainder when 1889 is divided by 86?
83
What is the remainder when 2058 is divided by 29?
28
What is the remainder when 81 is divided by 7?
4
What is the remainder when 103 is divided by 7?
5
Calculate the remainder when 463 is divided by 114.
7
What is the remainder when 83 is divided by 4?
3
What is the remainder when 227 is divided by 46?
43
What is the remainder when 1889 is divided by 14?
13
What is the remainder when 461 is divided by 67?
59
Calculate the remainder when 188 is divided by 23.
4
Calculate the remainder when 8576 is divided by 33.
29
Calculate the remainder when 37 is divided by 9.
1
What is the remainder when 259 is divided by 51?
4
Calculate the remainder when 251 is divided by 96.
59
Calculate the remainder when 130 is divided by 15.
10
What is the remainder when 2628 is divided by 114?
6
What is the remainder when 738 is divided by 14?
10
What is the remainder when 373 is divided by 27?
22
Calculate the remainder when 592 is divided by 177.
61
Calculate the remainder when 2488 is divided by 166.
164
Calculate the remainder when 7342 is divided by 24.
22
What is the remainder when 263 is divided by 68?
59
What is the remainder when 188 is divided by 44?
12
What is the remainder when 788 is divided by 39?
8
What is the remainder when 213 is divided by 14?
3
What is the remainder when 74 is divided by 25?
24
What is the remainder when 693 is divided by 148?
101
Calculate the remainder when 199 is divided by 86.
27
What is the remainder when 58 is divided by 17?
7
What is the remainder when 212 is divided by 80?
52
What is the remainder when 17 is divided by 6?
5
What is the remainder when 359 is divided by 49?
16
What is the remainder when 754 is divided by 28?
26
What is the remainder when 263 is divided by 40?
23
Calculate the remainder when 106 is divided by 49.
8
Calculate the remainder when 18 is divided by 14.
4
Calculate the remainder when 1367 is divided by 72.
71
What is the remainder when 452 is divided by 13?
10
Calculate the remainder when 2084 is divided by 6.
2
What is the remainder when 269 is divided by 56?
45
Calculate the remainder when 588 is divided by 150.
138
Calculate the remainder when 19 is divided by 10.
9
Calculate the remainder when 228 is divided by 17.
7
Calculate the remainder when 366 is divided by 23.
21
Calculate the remainder when 2070 is divided by 16.
6
Calculate the remainder when 3253 is divided by 93.
91
Calculate the remainder when 2138 is divided by 675.
113
Calculate the remainder when 69 is divided by 8.
5
What is the remainder when 59 is divided by 40?
19
What is the remainder when 565 is divided by 4?
1
What is the remainder when 47 is divided by 6?
5
Calculate the remainder when 251 is divided by 26.
17
What is the remainder when 319 is divided by 54?
49
Calculate the remainder when 17 is divided by 3.
2
What is the remainder when 55 is divided by 30?
25
What is the remainder when 125 is divided by 18?
17
What is the remainder when 1908 is divided by 49?
46
Calculate the remainder when 213 is divided by 31.
27
Calculate the remainder when 241 is divided by 36.
25
Calculate the remainder when 7305 is divided by 7.
4
Calculate the remainder when 79 is divided by 3.
1
What is the remainder when 2418 is divided by 44?
42
Calculate the remainder when 910 is divided by 884.
26
What is the remainder when 193 is divided by 28?
25
What is the remainder when 70 is divided by 19?
13
Calculate the remainder when 395 is divided by 124.
23
What is the remainder when 400 is divided by 45?
40
What is the remainder when 1367 is divided by 13?
2
Calculate the remainder when 381 is divided by 187.
7
Calculate the remainder when 402 is divided by 12.
6
Calculate the remainder when 2882 is divided by 717.
14
What is the remainder when 127 is divided by 34?
25
What is the remainder when 1244 is divided by 123?
14
What is the remainder when 13128 is divided by 134?
130
What is the remainder when 29